
Let r(b) be the third derivative of -b**4/24 + 19*b**3/6 - b**2. Let t be r(15). Suppose 15 = -t*k + 63. What is the tens digit of k?
1
Suppose 12*t - 2521 - 1655 = 0. What is the hundreds digit of t?
3
Let u(b) = -2*b**2 + 4*b + 17. Let h(m) = 4*m**2 - 8*m - 35. Let q(j) = -6*h(j) - 13*u(j). What is the tens digit of q(6)?
3
What is the tens digit of (80/35 + 2)/(30/140)?
2
Let j(x) = x**3 - 19*x**2 + 6*x + 12. Let l = 78 + -59. What is the units digit of j(l)?
6
Let o = -77 - -131. Suppose -16*w + 14*w = o. Let c = w - -38. What is the tens digit of c?
1
Suppose -3*n + 1231 + 1580 = 0. What is the tens digit of n?
3
Suppose -488 = 2*i + 2*i. Let j = 1645 + -1468. Let m = j + i. What is the units digit of m?
5
Let z = -4 - -4. Suppose -3*q - 5*f + 2*f + 12 = z, 5*q - 14 = -3*f. What is the units digit of q - 3/(1 - 2)?
4
Let y(t) = 2*t + 3*t + 1 + 5*t. What is the tens digit of y(4)?
4
Suppose 3*d = 5*n - 170, -18 = -2*n + 5*d + 31. Suppose -4*u + n = 5. What is the units digit of u?
8
Let q(n) = n**2 - 46*n + 163. What is the thousands digit of q(-41)?
3
Suppose 2*c = -3*m - 583 + 2313, -2*c + 2*m + 1750 = 0. What is the hundreds digit of c?
8
Let x(c) be the third derivative of -c**4/12 + 3*c**3/2 + 7*c**2. What is the tens digit of x(-3)?
1
Let i(f) = -5*f + 10. Let j be i(2). Suppose -2*a + 458 = -5*h, j = -4*h - 0*h. What is the units digit of a?
9
Suppose 5*c - 24 = -c. Suppose -a = -5*u + 78, -5*a = c*u + 276 + 56. Let j = -44 - a. What is the units digit of j?
4
Let y = 337 + -285. What is the units digit of y?
2
Suppose i - 4*u - 1904 = 0, 4*i = -4*u - u + 7637. What is the tens digit of i?
0
Suppose -w + 88 = -2*s - 2*w, 5*w = 3*s + 145. Let m be (s/12 - -3)*4. What is the units digit of (-456)/(-15) + m/(-5)?
1
Let h = -1794 + 2655. What is the units digit of h?
1
Suppose -5*q - 3*c = -19319, -28*q + 3857 = -27*q + 4*c. What is the units digit of q?
5
Let k(s) = -s + 4. Suppose -5*p = -2*y - 13, -2*y - 4*p = -0*p - 32. Suppose -y*i + 3*i = 18. What is the units digit of k(i)?
0
Suppose -b - 4*v + 130 = -468, -4*v - 1842 = -3*b. What is the units digit of b?
0
Suppose -95*w = -94*w - 1414. What is the units digit of w?
4
Suppose 3*j = -2*j + 135. Let x = j - -55. Let u = -55 + x. What is the tens digit of u?
2
What is the tens digit of (-8136)/(-56) - 1 - (-2)/(-7)?
4
What is the tens digit of (1 - -3) + (-2 - -362) + 2?
6
Let s be 12/9*(-9)/(-6). Suppose 5*q + 3*g - 145 = 2*g, 3*q = s*g + 100. What is the units digit of q?
0
Let r(w) = -w**3 + 2*w**2 + 2*w - 3. Let s be r(3). Suppose -2*l + 7 = -1. What is the units digit of l/s - (-44)/12?
3
Suppose 9*k - 6*k + 2097 = 3*v, 3*v - 2099 = 4*k. What is the tens digit of v?
9
Let v(a) = -a**2 - 12*a + 6. Let l = 64 - 74. What is the tens digit of v(l)?
2
What is the tens digit of 774/(-8)*(8 - 40)?
9
Suppose -4*v + 2*y = v + 1389, -4*v + 3*y - 1114 = 0. Let r = 478 + v. What is the tens digit of r?
0
What is the units digit of -11 + (-1105)/(-104) - 56150/(-16)?
9
Let u(v) = 2*v**3 + 11*v**2 + 2*v - 9. Let k(j) = j**3 + 12*j**2 + 3*j - 9. Let n(c) = 3*k(c) - 2*u(c). What is the units digit of n(14)?
1
Let d(z) = -5*z + 29. Let y(q) = -4*q - 9. Let o be y(0). What is the tens digit of d(o)?
7
What is the units digit of (5 + 1788)/(13/26)?
6
Suppose 13*g - 4278 + 1 = 0. Suppose 4*s + 3*j = g, 4*s + j + 237 = 7*s. What is the tens digit of s?
8
Let l(i) = 2 - 3 + 6*i - i + 3*i**2. What is the hundreds digit of l(-9)?
1
Let m(w) = w**2 + 11*w - 22. Let x be m(-9). Let q = -13 - x. What is the tens digit of q?
2
Suppose -4*w + 16 = -p - 8*w, 0 = -4*p - 2*w - 50. Let g(x) = x**3 + 13*x**2 + 13*x + 13. Let v be g(p). Let i(f) = 25*f - 1. What is the units digit of i(v)?
4
Let s be (-2)/8*2*0. Let o(n) = n**2 + 2*n + 9. What is the units digit of o(s)?
9
Let i = 129 + 42. Suppose -i = -y - 47. What is the units digit of y?
4
Let r = 15214 + -10390. What is the tens digit of r?
2
Suppose z + 349 = 2*y, 2*y + 4*z - 191 = 133. What is the units digit of y?
2
Let f = -34 - -68. Let i(z) = -7*z**2 - z. Let v be i(1). Let j = v + f. What is the units digit of j?
6
Let a(z) = -63*z + 432. Let g(r) = 4*r - 27. Let b = 22 - 20. Let v(p) = b*a(p) + 33*g(p). What is the tens digit of v(11)?
3
Suppose -5*g = -4*i + 45, 2*i + 5 = -0*i - 3*g. Let y = i + -3. Suppose 4*a = 2*v + 56, a - 14 = -0*v + y*v. What is the tens digit of a?
1
Suppose 72 + 208 = 10*u. Suppose -106 + u = -i. What is the tens digit of i?
7
Suppose 3*j + 10 = -5*w, j - 3*w - w = 25. Let x = j - 14. Let h(k) = -7*k - 17. What is the tens digit of h(x)?
4
Let v = -739 + 2012. What is the hundreds digit of v?
2
Suppose -16*w - 9*w = -66875. What is the thousands digit of w?
2
Suppose -4 = q - 0. What is the units digit of (-4 - 18/q)*114?
7
Let m = 1119 - 378. What is the units digit of m?
1
Let o = 78 - 54. Let v = -34 + 21. Let h = o + v. What is the tens digit of h?
1
Let c(r) = 226*r + 387. What is the hundreds digit of c(19)?
6
Let a(y) = 1234*y**2 + 2*y - 5. What is the tens digit of a(-1)?
2
Suppose 2*x - 3*j = 13, -4*j - 2 - 8 = x. Suppose -2*a + 3*u = -74, x*a - 2*u = a + 36. What is the tens digit of a?
4
Suppose 2*f = -3*f + 225. What is the tens digit of 2/5 + 2502/f?
5
Let a(b) = 5*b - 46. Let m be a(16). Let w = 68 - m. What is the tens digit of w?
3
Let r(z) = 3*z**2 - z. Let h be r(1). Suppose 3*n - h*c = -4*c - 4, n = -c - 3. Suppose -3*o = n*o - 190. What is the tens digit of o?
3
Let s be 11 - 2*(-1 - 0). Let g be -29 - -28 - 1*-52. Suppose -s*m + 16*m - g = 0. What is the tens digit of m?
1
Let t(z) = 887*z**2 - 18*z - 44. What is the units digit of t(-2)?
0
Let q = 4 + -1. Let u be (q - 1)*(-9)/(-9). Suppose u*g - 16 = o, -4*o + 15 + 9 = 3*g. What is the units digit of g?
8
Suppose 8*f = 12*f - 8. Suppose j = 2*r + 70, -128 = -f*j - 6*r + 4*r. What is the tens digit of j?
6
Let l(r) = r**3 + 16*r**2 - 2*r - 18. Let v be l(-16). Suppose -12*w = -v*w + 116. What is the units digit of w?
8
Let q be 42/56 - (-26)/8. Suppose q = p - 0. Suppose 0 = v - 3*a, -65 = -p*v + 2*a - 3*a. What is the tens digit of v?
1
Suppose o = 3*o - 18. Let d = -62 - -56. Let y = o + d. What is the units digit of y?
3
Let t = 27 - 14. Let s = t - 8. Let z(a) = a**3 - 4*a**2 - 6*a + 7. What is the units digit of z(s)?
2
Let h(j) be the third derivative of j**5/60 - 13*j**3/6 + 9*j**2. What is the tens digit of h(7)?
3
Let l be 16*(-3)/((-12)/145). Suppose l = 9*u - 212. What is the units digit of u?
8
Let b(v) = v**2 + 5*v + 12. What is the tens digit of b(-25)?
1
Suppose -9*v = -12412 - 13679. What is the hundreds digit of v?
8
Suppose 9*b - 4*b + 28600 = 0. What is the units digit of (b/(-24))/11 + (-4)/6?
1
Let l be (-2 + 3 + -1)*5/(-15). Let c(g) = g**2 + 2*g + 121. What is the tens digit of c(l)?
2
Let t = -199 - -339. Let s = t + -23. What is the hundreds digit of s?
1
Let t be (-3 - -1 - -2) + 12. Suppose t*o = 15*o - 78. What is the units digit of o?
6
Suppose -3*z = 5*p + 2*z + 40, -4*p + 2*z - 44 = 0. Let y = -7 - p. Suppose y*m + 2*c - 130 = 0, -4*m - 2*c = -0*c - 170. What is the tens digit of m?
4
Suppose -15*i - 24 = 96. Let s(c) = -2*c**3 - 13*c**2 + 7*c + 10. What is the units digit of s(i)?
6
Let s = -21 - -153. What is the units digit of s?
2
Suppose -29*x + 28*x = 16. Suppose -3*v + 2*v + 4*c = -60, 3*v = 3*c + 135. Let d = v + x. What is the tens digit of d?
2
Let k = 1138 - 14. What is the hundreds digit of k?
1
Let z(s) = 6 - s**2 - 2*s**2 + s**2 + 11*s. Let l be z(6). What is the units digit of l/(-7) + (-17)/(-1)?
7
What is the units digit of -10*((-1 - (1 + -1)) + -1)?
0
Suppose 1 = -m + 4. Suppose -2*a - 2*q = 12 + 10, -4*a - m*q = 44. Let d = 23 + a. What is the tens digit of d?
1
Let h(q) = -10*q - 4. Let a(d) = d. Let x(f) = -12*a(f) - h(f). Let p be -3 + 4 - (0 + 7). What is the tens digit of x(p)?
1
Suppose 4*v + 3*s = -2*s + 925, -461 = -2*v - s. Suppose -656 + v = -6*a. What is the units digit of a?
1
Let o(w) be the first derivative of w**3/3 - w**2/2 + 5*w - 6. Let r(l) = l**2 - 2*l + 6. Let j(u) = 3*o(u) - 2*r(u). What is the units digit of j(-4)?
5
Let l be ((-28)/8)/(2/4). Let x(t) = -t**3 - 9*t**2 - 10*t. Let s be x(l). Let j = -2 - s. What is the units digit of j?
6
Let a = 15 - 13. Let s = a - 3. What